ommon factor of b and 18?
18
Suppose -17 - 30 = -2*f + 5*u, -31 = -f + 5*u. Suppose -2 = -2*p - p - d, -2*d = -4*p + f. Suppose p*b - b = 7. What is the highest common factor of b and 7?
7
Let a(o) = -3*o. Let m be a(-4). Suppose -m = 4*g, -2*g = -y - 3*g + 9. What is the greatest common factor of 30 and y?
6
Let t be (-74)/(-10) + (-2)/5. Suppose 2*c + 5*l = -92, 5*c = 3*c - l - 76. Let f = -22 - c. Calculate the highest common divisor of f and t.
7
Let t be (0 + 2 - 1) + 1. Let x be (t + 5)*(5 - -2). Let j = 14 + -7. What is the highest common factor of j and x?
7
Suppose 0*u = u - 6. Let f(v) = -v**2 - 11*v - 14. Let m be f(-9). What is the highest common divisor of u and m?
2
Suppose 3*b = -2*c - 6 - 5, 5*b - c + 40 = 0. Let m(z) = -z**3 - 8*z**2 - 9*z - 9. Let o be m(b). Calculate the greatest common factor of o and 35.
5
Suppose 2*a - 7*a = -275. Let t = -2 - -2. Suppose -4*r + 88 = -t*r. What is the greatest common divisor of r and a?
11
Let n be (-59)/(-4) - (-2)/8. Let t(a) = -a**2 - 4*a + 2. Let s be t(-4). Let j be (-1 + (2 - s))*-3. What is the greatest common divisor of n and j?
3
Let y(h) = -32*h + 4. Let j be y(-1). What is the highest common divisor of j and 90?
18
Let a be (-3)/(-9) + (-10)/(-6). Let z = 5 - a. Suppose -s + 48 = z*v, 3*v = 2*s - 0*v - 87. Calculate the highest common divisor of 9 and s.
9
Let c(t) = -t**3 + 3*t**2 + 6*t + 7. Let i be c(5). Let g = i + 22. Let v(y) = -y**2 - 5*y + 1. Let p be v(-5). What is the highest common divisor of p and g?
1
Suppose 44 = 2*s - s. What is the greatest common divisor of 4 and s?
4
Suppose -k = -69 - 106. What is the highest common divisor of 25 and k?
25
Let b be -2*-3*(-1)/6. Let o be 1/(b - (1 - 1)). Let j be (40 - o) + (0 - 2). What is the highest common divisor of 13 and j?
13
Suppose -g - 2 + 8 = 0. Suppose 2*z + 0*z = g. What is the highest common factor of z and 12?
3
Let z(w) = -w**3 - 3*w**2 + w - 4. Let a be z(-6). What is the greatest common divisor of a and 14?
14
Let n be ((-5)/(-2))/((-2)/(-4)). Calculate the highest common divisor of n and 20.
5
Let m = -44 + 46. What is the greatest common divisor of m and 8?
2
Let p be (0 - -1) + (-3 - -2). Let x = p + 0. Suppose 5*f = 3*z - 16, x = -4*z - 0*z - 4*f + 32. What is the highest common divisor of z and 14?
7
Suppose g - 2 = 3*m + 10, -8 = -4*m. Let n = g + 7. Calculate the greatest common factor of n and 25.
25
Let p = -21 - -45. What is the greatest common divisor of p and 24?
24
Let t be 9/(-27) - (-61)/3. What is the greatest common divisor of t and 100?
20
Suppose -p - 1 = -7. Let o = 14 + 34. What is the greatest common factor of p and o?
6
Let p(m) = -4*m - 2. Let z be p(-5). Calculate the greatest common divisor of z and 6.
6
Let k(s) = -s**2 + s + 1. Let a(w) = 3 + w**3 - 3*w + 2*w - 5 - 4. Let g(q) = -a(q) - 3*k(q). Let i be g(2). What is the greatest common factor of i and 24?
3
Let i be (-2)/(-1) + 0 + 42. What is the greatest common divisor of 4 and i?
4
Suppose -2*u - 2 = s, -20 = -5*s + 4*u + 12. Suppose 2*m - 30 = b, 3*b - b = s. Suppose -4*n - m = -56. Calculate the greatest common factor of 40 and n.
10
Suppose v = -2*o - 3*v + 4, o - 4*v = 2. Suppose o*g - g + 3*p = 3, -5*g - 5*p = -35. Let l be 2/5 - 133/(-5). Calculate the greatest common divisor of l and g.
9
Suppose -4*u = 3*b + 46, 5 = -3*b - 1. Let f = 18 + u. Let y(n) = -8*n. Let k be y(-1). What is the highest common divisor of k and f?
8
Let q(y) = -y**2 - 19*y + 32. Let m be q(-13). Calculate the highest common divisor of m and 10.
10
Let m(h) = h**2 - 2*h - 7. Let q be m(5). Let n be q/12 - 84/(-9). Calculate the greatest common factor of n and 15.
5
Let n(c) = c**2 - 17*c. Let u be n(18). What is the highest common factor of u and 9?
9
Let j be -3 + 56 + 3/(-3). Let b = -37 + j. What is the highest common factor of 15 and b?
15
Suppose z = 4 + 3. Suppose t = 7*t + 6. Let w be 4 + z + 0 + t. What is the highest common factor of 90 and w?
10
Suppose -2 = -u, 2*p + p - 3*u - 42 = 0. What is the greatest common factor of p and 64?
16
Let s be ((-1870)/15)/(2/(-3)). What is the greatest common factor of s and 17?
17
Let i(f) = 2*f**2 - 4*f + 2. Suppose 5*y = -2*d + 26, 0 = -2*y + 6*y + 3*d - 25. Let j be i(y). What is the greatest common factor of 6 and j?
6
Let t = -4 + 16. Calculate the highest common divisor of 30 and t.
6
Let t(c) = -c + 2. Let r be t(-1). Calculate the greatest common divisor of 27 and r.
3
Suppose -15*w - 626 + 1586 = 0. Calculate the greatest common factor of 64 and w.
64
Suppose -5*c + 10 = 0, 3*a - 12 = c - 2. Suppose -m + 3 + 0 = -2*f, 2*f = 3*m + 3. Let j be 2 + m + 1 + 4. Calculate the greatest common factor of a and j.
4
Suppose 4*q - 141 = -v + 195, -3*v = q - 84. Suppose 39 = 3*l - q. Suppose -3*s + l - 11 = 0. What is the greatest common divisor of 30 and s?
10
Let d be (-1)/(3/(-48)*2). What is the greatest common factor of 4 and d?
4
Let f be 2/(-15) - (-7942)/165. Let p = 11 - 5. Calculate the highest common factor of p and f.
6
Let r be 1*-1*(-3 - (-504)/(-7)). Calculate the highest common factor of 45 and r.
15
Let u be 8/3 + 6/(-9). Let b = -4 - -18. Suppose 0 = 3*h + 4*g + b, -g = 3*h + 4*g + 19. What is the greatest common factor of u and h?
2
Let x = 53 - 189. Let q = x + 213. Calculate the greatest common factor of 11 and q.
11
Let b be 5*10/6 + (-2)/6. Calculate the greatest common factor of 64 and b.
8
Let p(a) = a**2 + 9*a - 4. Let w be p(-7). Let j = w - -26. Suppose -46 = 3*o - 142. What is the greatest common divisor of o and j?
8
Let q(s) = s + 10. Suppose 0 = -5*g + 5*r - 60, -4*g + 9*g + 30 = -r. Let d be q(g). Suppose 91 = d*o - 104. What is the highest common divisor of 26 and o?
13
Let w = 124 - 104. Calculate the greatest common divisor of 15 and w.
5
Suppose q = 2*k + 2*q - 129, -15 = 5*q. Calculate the highest common divisor of k and 6.
6
Let v = 358 + -176. Calculate the highest common divisor of 14 and v.
14
Let b(t) be the first derivative of -7*t**2/2 - 2*t - 1. Let c be b(-6). Calculate the greatest common factor of c and 10.
10
Let i be (-500)/(-6) + (-2)/(-3). Let k be i/(-9) - 1/(-3). Let h = -4 - k. What is the highest common factor of 15 and h?
5
Let x(h) = h**3 - 8*h**2 - 4*h + 5. Let d be x(9). Suppose 215 = -4*v + 19. Let s = 69 + v. What is the highest common divisor of d and s?
10
Suppose 3*t = 5*g - 2*g + 27, -1 = -4*t - 3*g. Let f = 21 - 1. Calculate the highest common factor of f and t.
4
Let u(q) = 4 - 2*q + 5*q + q. Let s be u(4). Suppose -o + s = -0*o. Calculate the greatest common factor of 30 and o.
10
Let t = -104 + 164. Suppose -2*s + t = -0*s - 2*u, 0 = -3*u - 6. Suppose -h = -4*i - 26, 3*h + h - 47 = -3*i. What is the highest common divisor of s and h?
14
Let r be (-1 - 3) + -3 + 38. Calculate the highest common divisor of r and 62.
31
Let d(s) = 21*s**2 - 2*s + 1. Let p be d(1). Let k(v) = 6 - 2*v**2 - 2 + 9*v + v**2. Let n be k(9). Calculate the greatest common divisor of p and n.
4
Suppose 0 = 5*w + 5, -3*j + 3*w = w + 7. Let i = j + 9. What is the highest common factor of i and 30?
6
Let j(q) be the second derivative of -77*q**5/20 + q**3/6 + q**2/2 + q. Let u be j(-1). What is the greatest common factor of 11 and u?
11
Let w(q) = q**3 + 8*q**2 - 9. Let h be w(-8). Let o = 16 + h. Suppose 0 = 2*x - 0*x - 5*v - 9, -4*x - v + o = 0. What is the highest common factor of 18 and x?
2
Let j = 126 - 71. What is the greatest common factor of j and 5?
5
Let d be 1/((-3)/(-108)) + 4. Calculate the highest common divisor of d and 120.
40
Suppose -4 = -4*v + 4. Let s(p) = -2*p - 36 + 17*p**3 + p + v*p**2 + 37. Let k be s(2). What is the greatest common divisor of 13 and k?
13
Suppose -3*w - 7 = -4*w. Calculate the greatest common divisor of w and 56.
7
Let d = -50 + 72. Let c be 87238/1590 + (-2)/(-15). What is the greatest common factor of c and d?
11
Suppose 0 = -a - 0 + 1. Let w be 138/(-4)*4/(-6). Let x = w - 12. What is the highest common factor of x and a?
1
Suppose -x + 2*z = -2, -1 = x + 2*z - 5*z. Calculate the highest common factor of x and 12.
4
Let r be (1 + 646/(-6))*(-24)/10. Calculate the greatest common divisor of r and 32.
32
Let h(x) = 20*x + 2. Let g be h(2). Suppose -z = 2*q - 35, 3*z - 5*z - 3*q = -65. Suppose -z = -4*o + 31. Calculate